{"id":3040,"date":"2021-11-16T16:31:31","date_gmt":"2021-11-16T19:31:31","guid":{"rendered":"https:\/\/prceu.usp.br\/congresso\/video-tag\/"},"modified":"2021-11-24T18:27:59","modified_gmt":"2021-11-24T21:27:59","slug":"video-tag","status":"publish","type":"page","link":"https:\/\/prceu.usp.br\/congresso\/video-tag\/","title":{"rendered":"V\u00eddeos por Tag"},"content":{"rendered":"<div class=\"aiovg aiovg-tags-list\"><a href=\"https:\/\/prceu.usp.br\/congresso\/video-tag\/agora\/\" class=\"tag-cloud-link tag-link-1087 tag-link-position-1\" style=\"font-size: 16.4pt;\" aria-label=\"agora (2 itens)\">agora<\/a>\n<a href=\"https:\/\/prceu.usp.br\/congresso\/video-tag\/ao-vivo\/\" class=\"tag-cloud-link tag-link-1086 tag-link-position-2\" style=\"font-size: 22pt;\" aria-label=\"ao vivo (3 itens)\">ao vivo<\/a>\n<a href=\"https:\/\/prceu.usp.br\/congresso\/video-tag\/aquaponia\/\" class=\"tag-cloud-link tag-link-1079 tag-link-position-3\" style=\"font-size: 8pt;\" aria-label=\"Aquaponia (1 item)\">Aquaponia<\/a>\n<a href=\"https:\/\/prceu.usp.br\/congresso\/video-tag\/ciencias-da-nutricao\/\" class=\"tag-cloud-link tag-link-1090 tag-link-position-4\" style=\"font-size: 8pt;\" aria-label=\"Ci\u00eancias da Nutri\u00e7\u00e3o (1 item)\">Ci\u00eancias da Nutri\u00e7\u00e3o<\/a>\n<a href=\"https:\/\/prceu.usp.br\/congresso\/video-tag\/conferencia\/\" class=\"tag-cloud-link tag-link-1108 tag-link-position-5\" style=\"font-size: 8pt;\" aria-label=\"confer\u00eancia (1 item)\">confer\u00eancia<\/a>\n<a href=\"https:\/\/prceu.usp.br\/congresso\/video-tag\/congresso\/\" class=\"tag-cloud-link tag-link-1110 tag-link-position-6\" style=\"font-size: 8pt;\" aria-label=\"congresso (1 item)\">congresso<\/a>\n<a href=\"https:\/\/prceu.usp.br\/congresso\/video-tag\/culinaria\/\" class=\"tag-cloud-link tag-link-1089 tag-link-position-7\" style=\"font-size: 8pt;\" aria-label=\"Culin\u00e1ria (1 item)\">Culin\u00e1ria<\/a>\n<a href=\"https:\/\/prceu.usp.br\/congresso\/video-tag\/educacao-basica\/\" class=\"tag-cloud-link tag-link-1081 tag-link-position-8\" style=\"font-size: 8pt;\" aria-label=\"Educa\u00e7\u00e3o B\u00e1sica (1 item)\">Educa\u00e7\u00e3o B\u00e1sica<\/a>\n<a href=\"https:\/\/prceu.usp.br\/congresso\/video-tag\/encerramento\/\" class=\"tag-cloud-link tag-link-1109 tag-link-position-9\" style=\"font-size: 8pt;\" aria-label=\"encerramento (1 item)\">encerramento<\/a>\n<a href=\"https:\/\/prceu.usp.br\/congresso\/video-tag\/extensao\/\" class=\"tag-cloud-link tag-link-1080 tag-link-position-10\" style=\"font-size: 8pt;\" aria-label=\"Extens\u00e3o (1 item)\">Extens\u00e3o<\/a>\n<a href=\"https:\/\/prceu.usp.br\/congresso\/video-tag\/geoprocessamento\/\" class=\"tag-cloud-link tag-link-1067 tag-link-position-11\" style=\"font-size: 8pt;\" aria-label=\"Geoprocessamento (1 item)\">Geoprocessamento<\/a>\n<a href=\"https:\/\/prceu.usp.br\/congresso\/video-tag\/guararema\/\" class=\"tag-cloud-link tag-link-1066 tag-link-position-12\" style=\"font-size: 8pt;\" aria-label=\"Guararema (1 item)\">Guararema<\/a>\n<a href=\"https:\/\/prceu.usp.br\/congresso\/video-tag\/online\/\" class=\"tag-cloud-link tag-link-1085 tag-link-position-13\" style=\"font-size: 22pt;\" aria-label=\"online (3 itens)\">online<\/a>\n<a href=\"https:\/\/prceu.usp.br\/congresso\/video-tag\/qualidade-de-vida\/\" class=\"tag-cloud-link tag-link-1092 tag-link-position-14\" style=\"font-size: 8pt;\" aria-label=\"qualidade de vida (1 item)\">qualidade de vida<\/a>\n<a href=\"https:\/\/prceu.usp.br\/congresso\/video-tag\/rede-social\/\" class=\"tag-cloud-link tag-link-1088 tag-link-position-15\" style=\"font-size: 8pt;\" aria-label=\"Rede Social (1 item)\">Rede Social<\/a>\n<a href=\"https:\/\/prceu.usp.br\/congresso\/video-tag\/saude-bucal\/\" class=\"tag-cloud-link tag-link-1093 tag-link-position-16\" style=\"font-size: 8pt;\" aria-label=\"sa\u00fade bucal (1 item)\">sa\u00fade bucal<\/a>\n<a href=\"https:\/\/prceu.usp.br\/congresso\/video-tag\/setembro-amarelo\/\" class=\"tag-cloud-link tag-link-1091 tag-link-position-17\" style=\"font-size: 8pt;\" aria-label=\"Setembro Amarelo (1 item)\">Setembro Amarelo<\/a>\n<a href=\"https:\/\/prceu.usp.br\/congresso\/video-tag\/transmissao\/\" class=\"tag-cloud-link tag-link-1084 tag-link-position-18\" style=\"font-size: 22pt;\" aria-label=\"Transmiss\u00e3o (3 itens)\">Transmiss\u00e3o<\/a>\n<a href=\"https:\/\/prceu.usp.br\/congresso\/video-tag\/urbanismo\/\" class=\"tag-cloud-link tag-link-1065 tag-link-position-19\" style=\"font-size: 8pt;\" aria-label=\"Urbanismo (1 item)\">Urbanismo<\/a>\n<a href=\"https:\/\/prceu.usp.br\/congresso\/video-tag\/zoneamento\/\" class=\"tag-cloud-link tag-link-1068 tag-link-position-20\" style=\"font-size: 8pt;\" aria-label=\"Zoneamento (1 item)\">Zoneamento<\/a><\/div>\n","protected":false},"excerpt":{"rendered":"","protected":false},"author":1,"featured_media":3411,"parent":0,"menu_order":0,"comment_status":"closed","ping_status":"closed","template":"","meta":{"footnotes":""},"class_list":["post-3040","page","type-page","status-publish","has-post-thumbnail","hentry"],"_links":{"self":[{"href":"https:\/\/prceu.usp.br\/congresso\/wp-json\/wp\/v2\/pages\/3040","targetHints":{"allow":["GET"]}}],"collection":[{"href":"https:\/\/prceu.usp.br\/congresso\/wp-json\/wp\/v2\/pages"}],"about":[{"href":"https:\/\/prceu.usp.br\/congresso\/wp-json\/wp\/v2\/types\/page"}],"author":[{"embeddable":true,"href":"https:\/\/prceu.usp.br\/congresso\/wp-json\/wp\/v2\/users\/1"}],"replies":[{"embeddable":true,"href":"https:\/\/prceu.usp.br\/congresso\/wp-json\/wp\/v2\/comments?post=3040"}],"version-history":[{"count":0,"href":"https:\/\/prceu.usp.br\/congresso\/wp-json\/wp\/v2\/pages\/3040\/revisions"}],"wp:featuredmedia":[{"embeddable":true,"href":"https:\/\/prceu.usp.br\/congresso\/wp-json\/wp\/v2\/media\/3411"}],"wp:attachment":[{"href":"https:\/\/prceu.usp.br\/congresso\/wp-json\/wp\/v2\/media?parent=3040"}],"curies":[{"name":"wp","href":"https:\/\/api.w.org\/{rel}","templated":true}]}}