{"id":376,"date":"2015-04-17T19:03:31","date_gmt":"2015-04-17T19:03:31","guid":{"rendered":"https:\/\/prceu.usp.br\/girocultural\/?page_id=47"},"modified":"2026-03-03T10:36:56","modified_gmt":"2026-03-03T13:36:56","slug":"creditos","status":"publish","type":"page","link":"https:\/\/prceu.usp.br\/girocultural\/creditos\/","title":{"rendered":"Cr\u00e9ditos"},"content":{"rendered":"<div id=\"fb-root\"><\/div>\n<strong><span style=\"font-family: verdana, geneva, sans-serif;\">Pr\u00f3-Reitor de Cultura e Extens\u00e3o Universit\u00e1ria<\/span><\/strong><br \/>\n<span style=\"font-family: verdana, geneva, sans-serif;\">Am\u00e2ncio Jorge de Oliveira <\/span><\/p>\n<p><strong><span style=\"font-family: verdana, geneva, sans-serif;\">Assessores T\u00e9cnicos de Gabinete<\/span><\/strong><\/p>\n<p><strong><span style=\"font-family: verdana, geneva, sans-serif;\">Assistentes T\u00e9cnicos do Gabinete<\/span><\/strong><br \/>\nAnna Maria Campos<br \/>\nArmando F\u00e1bio Silva Lima<br \/>\nMariana Shinohara<br \/>\nMarcia Cristina Guidi Ganzella<\/p>\n<p><strong><span style=\"font-family: verdana, geneva, sans-serif;\">Chefe da Divis\u00e3o de A\u00e7\u00e3o Cultural<\/span><\/strong><br \/>\n<span style=\"font-family: verdana, geneva, sans-serif;\">Margarete de Lourdes Campos Ramos<\/span><\/p>\n<p><strong><span style=\"font-family: verdana, geneva, sans-serif;\">Chefe da Divis\u00e3o Acad\u00eamica<\/span><\/strong><br \/>\n<span style=\"font-family: verdana, geneva, sans-serif;\">Christiane Izumi Yamamoto<br \/>\n<\/span><\/p>\n<p><strong><span style=\"font-family: verdana, geneva, sans-serif;\">Chefe da Divis\u00e3o de Comunica\u00e7\u00e3o Institucional<\/span><\/strong><br \/>\nElcio Ricardo da Silva<\/p>\n<p><strong><span style=\"font-family: verdana, geneva, sans-serif;\">Chefe da Divis\u00e3o Administrativa<\/span><\/strong><br \/>\n<span style=\"font-family: verdana, geneva, sans-serif;\">Valdir Previde<\/span><\/p>\n<p><strong><span style=\"font-family: verdana, geneva, sans-serif;\">Coordena\u00e7\u00e3o Acad\u00eamica<\/span><\/strong><br \/>\n<span style=\"font-family: verdana, geneva, sans-serif;\">Prof. Dr. Ricardo Ricci Uvinha<\/span><\/p>\n<p><strong><span style=\"font-family: verdana, geneva, sans-serif;\">Funcion\u00e1ria<\/span><\/strong><br \/>\n<span style=\"font-family: verdana, geneva, sans-serif;\">C\u00e1ssia Maria dos Santos<\/span><\/p>\n<p><strong><span style=\"font-family: verdana, geneva, sans-serif;\">Mediadores<\/span><\/strong><br \/>\n<span style=\"font-family: verdana, geneva, sans-serif;\">Ariela Ferreira<\/span><br \/>\n<span style=\"font-family: verdana, geneva, sans-serif;\">Deivid Matheus Ambr\u00f3zio Vieira<\/span><br \/>\n<span style=\"font-family: verdana, geneva, sans-serif;\">Douglas Emmanuel Ramos dos Santos<\/span><br \/>\n<span style=\"font-family: verdana, geneva, sans-serif;\">Katia Rodrigues dos Anjos<\/span><br \/>\n<span style=\"font-family: verdana, geneva, sans-serif;\">Levi Castro<\/span><br \/>\n<span style=\"font-family: verdana, geneva, sans-serif;\">M\u00f4nica de Almeida Dias<\/span><\/p>\n<p><strong><span style=\"font-family: verdana, geneva, sans-serif;\">Estagi\u00e1rios<\/span><\/strong><br \/>\n<span style=\"font-family: verdana, geneva, sans-serif;\">Arielly Tomazia Costa<\/span><br \/>\n<span style=\"font-family: verdana, geneva, sans-serif;\">Camilla Ap. A. Almeida<\/span><br \/>\n<span style=\"font-family: verdana, geneva, sans-serif;\">Hamde Rodrigues El Hage<\/span><br \/>\n<span style=\"font-family: verdana, geneva, sans-serif;\">Leonardo Grimaldi Avileis<\/span><br \/>\n<span style=\"font-family: verdana, geneva, sans-serif;\">Lucas Carbonel Coutinho<\/span><br \/>\n<span style=\"font-family: verdana, geneva, sans-serif;\">Nicolas Matias de Andrade Roberto<\/span><br \/>\n<span style=\"font-family: verdana, geneva, sans-serif;\">Rafaela Daniol Torres<\/span><\/p>\n<p><strong><span style=\"font-family: verdana, geneva, sans-serif;\">Motorista<\/span><\/strong><br \/>\n<span style=\"font-family: verdana, geneva, sans-serif;\">Christiano Garcia Lucchesi<\/span><br \/>\n<span style=\"font-family: verdana, geneva, sans-serif;\">Everaldo da Concei\u00e7\u00e3o<\/span><br \/>\n<span style=\"font-family: verdana, geneva, sans-serif;\">Genival Idalgo<\/span><br \/>\n<span style=\"font-family: verdana, geneva, sans-serif;\">Ivo Fortunato<\/span><br \/>\n<span style=\"font-family: verdana, geneva, sans-serif;\">Luiz Ot\u00e1vio Joaquim<\/span><br \/>\n<span style=\"font-family: verdana, geneva, sans-serif;\">Manoel Teodoro dos Santos<\/span><\/p>\n<p><span style=\"font-family: verdana, geneva, sans-serif;\"><strong>Webmaster<\/strong>\u00a0<\/span><br \/>\n<span style=\"font-family: verdana, geneva, sans-serif;\">Dante Daniel<\/span><\/p>\n<p><strong><span style=\"font-family: verdana, geneva, sans-serif;\">Assistente de Conte\u00fado Web<\/span><\/strong><br \/>\n<span style=\"font-family: verdana, geneva, sans-serif;\">Zenaide Fernandes<\/span>","protected":false},"excerpt":{"rendered":"<p>Pr\u00f3-Reitor de Cultura e Extens\u00e3o Universit\u00e1ria Am\u00e2ncio Jorge de Oliveira Assessores T\u00e9cnicos de Gabinete Assistentes T\u00e9cnicos do Gabinete Anna Maria Campos Armando F\u00e1bio Silva Lima Mariana Shinohara Marcia Cristina Guidi Ganzella Chefe da Divis\u00e3o de A\u00e7\u00e3o Cultural Margarete de Lourdes Campos Ramos Chefe da Divis\u00e3o Acad\u00eamica Christiane Izumi Yamamoto Chefe da Divis\u00e3o de Comunica\u00e7\u00e3o Institucional [&hellip;]<\/p>\n","protected":false},"author":19,"featured_media":390,"parent":0,"menu_order":32,"comment_status":"closed","ping_status":"closed","template":"","meta":{"footnotes":""},"categories":[],"tags":[],"class_list":["post-376","page","type-page","status-publish","has-post-thumbnail","hentry"],"_links":{"self":[{"href":"https:\/\/prceu.usp.br\/girocultural\/wp-json\/wp\/v2\/pages\/376","targetHints":{"allow":["GET"]}}],"collection":[{"href":"https:\/\/prceu.usp.br\/girocultural\/wp-json\/wp\/v2\/pages"}],"about":[{"href":"https:\/\/prceu.usp.br\/girocultural\/wp-json\/wp\/v2\/types\/page"}],"author":[{"embeddable":true,"href":"https:\/\/prceu.usp.br\/girocultural\/wp-json\/wp\/v2\/users\/19"}],"replies":[{"embeddable":true,"href":"https:\/\/prceu.usp.br\/girocultural\/wp-json\/wp\/v2\/comments?post=376"}],"version-history":[{"count":4,"href":"https:\/\/prceu.usp.br\/girocultural\/wp-json\/wp\/v2\/pages\/376\/revisions"}],"predecessor-version":[{"id":4018,"href":"https:\/\/prceu.usp.br\/girocultural\/wp-json\/wp\/v2\/pages\/376\/revisions\/4018"}],"wp:featuredmedia":[{"embeddable":true,"href":"https:\/\/prceu.usp.br\/girocultural\/wp-json\/wp\/v2\/media\/390"}],"wp:attachment":[{"href":"https:\/\/prceu.usp.br\/girocultural\/wp-json\/wp\/v2\/media?parent=376"}],"wp:term":[{"taxonomy":"category","embeddable":true,"href":"https:\/\/prceu.usp.br\/girocultural\/wp-json\/wp\/v2\/categories?post=376"},{"taxonomy":"post_tag","embeddable":true,"href":"https:\/\/prceu.usp.br\/girocultural\/wp-json\/wp\/v2\/tags?post=376"}],"curies":[{"name":"wp","href":"https:\/\/api.w.org\/{rel}","templated":true}]}}