{"id":13,"date":"2018-02-19T13:19:01","date_gmt":"2018-02-19T16:19:01","guid":{"rendered":"http:\/\/prceu.usp.br\/residenciamulti\/?page_id=13"},"modified":"2018-08-13T11:34:54","modified_gmt":"2018-08-13T14:34:54","slug":"atuacao-coremu","status":"publish","type":"page","link":"https:\/\/prceu.usp.br\/residenciamulti\/atuacao-coremu\/","title":{"rendered":"Atua\u00e7\u00e3o"},"content":{"rendered":"<div id=\"fb-root\"><\/div>\n<p style=\"text-align: justify;\">Diante da exig\u00eancia do Minist\u00e9rio da Educa\u00e7\u00e3o de constitui\u00e7\u00e3o de uma inst\u00e2ncia coordenadora em cada institui\u00e7\u00e3o para as resid\u00eancias multiprofissionais, foi formada, em 2012, a COREMU. A comiss\u00e3o, no \u00e2mbito da USP, \u00e9 um colegiado assessor\u00a0da C\u00e2mara de Forma\u00e7\u00e3o Profissional, vinculada ao Conselho de Cultura e Extens\u00e3o Universit\u00e1ria(CoCEx).<\/p>\n<p style=\"text-align: justify;\">A esta Comiss\u00e3o compete planejar e zelar pela execu\u00e7\u00e3o dos Programas de Resid\u00eancia em \u00c1rea Profissional da Sa\u00fade e atividades correlatas, no \u00e2mbito de quaisquer unidades, \u00f3rg\u00e3os, entidades assistenciais e de ensino da Universidade de S\u00e3o Paulo e respectivas institui\u00e7\u00f5es associadas ou conveniadas; coordenar, organizar, articular, supervisionar, normatizar e acompanhar o conjunto dos programas de Resid\u00eancia em \u00c1rea Profissional da Sa\u00fade; definir diretrizes, aprovar os editais e acompanhar o processo seletivo de candidatos aos programas, assim como as avalia\u00e7\u00f5es de desempenho dos aprovados ao longo do desenvolvimento dos programas; acompanhar e avaliar sistematicamente os programas.<\/p>\n<p style=\"text-align: justify;\">Seus membros re\u00fanem-se com regularidade m\u00ednima bimestral para realiza\u00e7\u00e3o de acompanhamento e avalia\u00e7\u00e3o dos Programas de Resid\u00eancia vinculados \u00e0 universidade, bem como quest\u00f5es correlatas \u00e0 execu\u00e7\u00e3o de seus projetos.<\/p>\n<p>&nbsp;<\/p>\n<p>&nbsp;<\/p>\n","protected":false},"excerpt":{"rendered":"<p>Diante da exig\u00eancia do Minist\u00e9rio da Educa\u00e7\u00e3o de constitui\u00e7\u00e3o de uma inst\u00e2ncia coordenadora em cada institui\u00e7\u00e3o para as resid\u00eancias multiprofissionais, foi formada, em 2012, a COREMU. A comiss\u00e3o, no \u00e2mbito da USP, \u00e9 um colegiado assessor\u00a0da C\u00e2mara de Forma\u00e7\u00e3o Profissional, vinculada ao Conselho de Cultura e Extens\u00e3o Universit\u00e1ria(CoCEx). A esta [&hellip;]<\/p>\n","protected":false},"author":6,"featured_media":0,"parent":0,"menu_order":0,"comment_status":"closed","ping_status":"closed","template":"","meta":{"footnotes":""},"class_list":["post-13","page","type-page","status-publish","hentry"],"_links":{"self":[{"href":"https:\/\/prceu.usp.br\/residenciamulti\/wp-json\/wp\/v2\/pages\/13","targetHints":{"allow":["GET"]}}],"collection":[{"href":"https:\/\/prceu.usp.br\/residenciamulti\/wp-json\/wp\/v2\/pages"}],"about":[{"href":"https:\/\/prceu.usp.br\/residenciamulti\/wp-json\/wp\/v2\/types\/page"}],"author":[{"embeddable":true,"href":"https:\/\/prceu.usp.br\/residenciamulti\/wp-json\/wp\/v2\/users\/6"}],"replies":[{"embeddable":true,"href":"https:\/\/prceu.usp.br\/residenciamulti\/wp-json\/wp\/v2\/comments?post=13"}],"version-history":[{"count":7,"href":"https:\/\/prceu.usp.br\/residenciamulti\/wp-json\/wp\/v2\/pages\/13\/revisions"}],"predecessor-version":[{"id":783,"href":"https:\/\/prceu.usp.br\/residenciamulti\/wp-json\/wp\/v2\/pages\/13\/revisions\/783"}],"wp:attachment":[{"href":"https:\/\/prceu.usp.br\/residenciamulti\/wp-json\/wp\/v2\/media?parent=13"}],"curies":[{"name":"wp","href":"https:\/\/api.w.org\/{rel}","templated":true}]}}