{"id":229,"date":"2018-06-05T16:55:02","date_gmt":"2018-06-05T19:55:02","guid":{"rendered":"http:\/\/prceu.usp.br\/residenciamulti\/?page_id=229"},"modified":"2024-12-05T14:58:50","modified_gmt":"2024-12-05T17:58:50","slug":"forp","status":"publish","type":"page","link":"https:\/\/prceu.usp.br\/residenciamulti\/forp\/","title":{"rendered":"Faculdade de Odontologia de Ribeir\u00e3o Preto (FORP)"},"content":{"rendered":"<div id=\"fb-root\"><\/div>\n<p style=\"text-align: right;\"><em><a href=\"https:\/\/www.forp.usp.br\/\" target=\"_blank\" rel=\"noopener\"><strong>Clique<\/strong><\/a> para acessar o site da Faculdade de Odontologia de Ribeir\u00e3o Preto (FORP)<\/em><\/p>\r\n<h6><span style=\"color: #000080;\"><strong>Programa de Resid\u00eancia em Cirurgia e Traumatologia Bucomaxilofacial (<em>3 anos<\/em>)<\/strong><\/span><\/h6>\r\n<p>Profiss\u00e3o: Odontologia<\/p>\r\n<p>Coordenador: Prof. Dr. C\u00e1ssio Edvard Sverzut <a href=\"http:\/\/lattes.cnpq.br\/1129856333468281\" target=\"_blank\" rel=\"noopener\"><img loading=\"lazy\" decoding=\"async\" src=\"http:\/\/prceu.usp.br\/residenciamulti\/wp-content\/uploads\/2024\/12\/lattes-300x148.png\" alt=\"\" width=\"92\" height=\"46\" class=\"alignnone wp-image-1366\" title=\"|\" srcset=\"https:\/\/prceu.usp.br\/residenciamulti\/wp-content\/uploads\/2024\/12\/lattes-300x148.png 300w, https:\/\/prceu.usp.br\/residenciamulti\/wp-content\/uploads\/2024\/12\/lattes-768x380.png 768w, https:\/\/prceu.usp.br\/residenciamulti\/wp-content\/uploads\/2024\/12\/lattes.png 920w\" sizes=\"auto, (max-width: 92px) 100vw, 92px\" \/><\/a> \u00a0 \u00a0<\/p>\r\n<p>Cen\u00e1rios de pr\u00e1tica: Hospitais na regi\u00e3o de Ribeir\u00e3o Preto<\/p>\r\n<p>&nbsp;<\/p>\r\n\r\n<div class=\"wp-block-file\"><a href=\"https:\/\/prceu.usp.br\/residenciamulti\/wp-content\/uploads\/2020\/03\/Contrato-Did\u00e1tico-Cirurgia-e-Traumatologia-Buco-Maxilo-Faciais-FORP.pdf\">Contrato-Did\u00e1tico-Cirurgia-e-Traumatologia-Buco-Maxilo-Faciais-FORP<\/a><a href=\"https:\/\/prceu.usp.br\/residenciamulti\/wp-content\/uploads\/2020\/03\/Contrato-Did\u00e1tico-Cirurgia-e-Traumatologia-Buco-Maxilo-Faciais-FORP.pdf\" class=\"wp-block-file__button\" download=\"\">Baixar<\/a><\/div>\r\n<div><\/div>\r\n<div>\r\n<h6><span style=\"color: #000080;\"><strong>Programa de Resid\u00eancia Multiprofissional em Aten\u00e7\u00e3o Integral \u00e0 Sa\u00fade<\/strong><\/span><\/h6>\r\n<p>Profiss\u00f5es: Farm\u00e1cia, Fisioterapia, Fonoaudiologia, Nutri\u00e7\u00e3o, Odontologia, Psicologia e Terapia Ocupacional<\/p>\r\n<p>Coordena\u00e7\u00e3o: Profa. Dra.\u00a0 <span>Soraya Fernandes Mestriner<\/span>\u00a0 <a href=\"http:\/\/lattes.cnpq.br\/9534770710875773\" target=\"_blank\" rel=\"noopener\"><img loading=\"lazy\" decoding=\"async\" src=\"http:\/\/prceu.usp.br\/residenciamulti\/wp-content\/uploads\/2024\/12\/lattes-300x148.png\" alt=\"\" width=\"92\" height=\"46\" class=\"alignnone wp-image-1366\" title=\"|\" srcset=\"https:\/\/prceu.usp.br\/residenciamulti\/wp-content\/uploads\/2024\/12\/lattes-300x148.png 300w, https:\/\/prceu.usp.br\/residenciamulti\/wp-content\/uploads\/2024\/12\/lattes-768x380.png 768w, https:\/\/prceu.usp.br\/residenciamulti\/wp-content\/uploads\/2024\/12\/lattes.png 920w\" sizes=\"auto, (max-width: 92px) 100vw, 92px\" \/><\/a><\/p>\r\n<p>Cen\u00e1rios de pr\u00e1tica:<\/p>\r\n<p>1. Aten\u00e7\u00e3o prim\u00e1ria \u2013 Seis N\u00facleos de Sa\u00fade da Fam\u00edlia do distrito sanit\u00e1rio Oeste de Ribeir\u00e3o Preto e demais aparelhos sociais do territ\u00f3rio; Secretaria Municipal de Sa\u00fade (Gest\u00e3o em Sa\u00fade)<br \/>2. Aten\u00e7\u00e3o secund\u00e1ria \u2013 Ambulat\u00f3rio Integrado de Especialidades na UBDS \u201dJoel Domingos<br \/>Machado\u201d, Hospital Estadual de Ribeir\u00e3o Preto, Centro Integrado de Reabilita\u00e7\u00e3o (CIR); Centros de\u00a0Especialidades Odontol\u00f3gicas (CEO).<br \/>3. Aten\u00e7\u00e3o terci\u00e1ria \u2013 Centro de Reabilita\u00e7\u00e3o, Ambulat\u00f3rios, Servi\u00e7os Especializados e Enfermarias\u00a0do HCFMRP-USP.<\/p>\r\n<\/div>\r\n","protected":false},"excerpt":{"rendered":"<p>Clique para acessar o site da Faculdade de Odontologia de Ribeir\u00e3o Preto (FORP) Programa de Resid\u00eancia em Cirurgia e Traumatologia Bucomaxilofacial (3 anos) Profiss\u00e3o: Odontologia Coordenador: Prof. Dr. C\u00e1ssio Edvard Sverzut \u00a0 \u00a0 Cen\u00e1rios de pr\u00e1tica: Hospitais na regi\u00e3o de Ribeir\u00e3o Preto &nbsp;<\/p>\n","protected":false},"author":2,"featured_media":399,"parent":0,"menu_order":0,"comment_status":"closed","ping_status":"closed","template":"","meta":{"footnotes":""},"class_list":["post-229","page","type-page","status-publish","has-post-thumbnail","hentry"],"_links":{"self":[{"href":"https:\/\/prceu.usp.br\/residenciamulti\/wp-json\/wp\/v2\/pages\/229","targetHints":{"allow":["GET"]}}],"collection":[{"href":"https:\/\/prceu.usp.br\/residenciamulti\/wp-json\/wp\/v2\/pages"}],"about":[{"href":"https:\/\/prceu.usp.br\/residenciamulti\/wp-json\/wp\/v2\/types\/page"}],"author":[{"embeddable":true,"href":"https:\/\/prceu.usp.br\/residenciamulti\/wp-json\/wp\/v2\/users\/2"}],"replies":[{"embeddable":true,"href":"https:\/\/prceu.usp.br\/residenciamulti\/wp-json\/wp\/v2\/comments?post=229"}],"version-history":[{"count":18,"href":"https:\/\/prceu.usp.br\/residenciamulti\/wp-json\/wp\/v2\/pages\/229\/revisions"}],"predecessor-version":[{"id":1376,"href":"https:\/\/prceu.usp.br\/residenciamulti\/wp-json\/wp\/v2\/pages\/229\/revisions\/1376"}],"wp:featuredmedia":[{"embeddable":true,"href":"https:\/\/prceu.usp.br\/residenciamulti\/wp-json\/wp\/v2\/media\/399"}],"wp:attachment":[{"href":"https:\/\/prceu.usp.br\/residenciamulti\/wp-json\/wp\/v2\/media?parent=229"}],"curies":[{"name":"wp","href":"https:\/\/api.w.org\/{rel}","templated":true}]}}