{"id":31429,"date":"2024-04-29T11:22:14","date_gmt":"2024-04-29T14:22:14","guid":{"rendered":"https:\/\/prceu.usp.br\/usp60\/?page_id=31429"},"modified":"2026-02-03T10:49:26","modified_gmt":"2026-02-03T13:49:26","slug":"resultado-2024","status":"publish","type":"page","link":"https:\/\/prceu.usp.br\/usp60\/resultado-2024\/","title":{"rendered":"Resultado 2024"},"content":{"rendered":"&nbsp;<\/p>\n<p style=\"text-align: center;\"><strong>ATEN\u00c7\u00c3O:<\/strong><\/p>\n<p>Devido ao grande n\u00famero de obras inscritas e selecionadas, haver\u00e1 uma mudan\u00e7a do espa\u00e7o expositivo e, com isso, uma mudan\u00e7a da data da exposi\u00e7\u00e3o. Assim, todas as obras selecionadas pelo j\u00fari conseguir\u00e3o ser devidamente expostas. A abertura da exposi\u00e7\u00e3o ser\u00e1 dia <b>06 de novembro de 2024<\/b><\/p>\n<p>&nbsp;<\/p>\n<p style=\"text-align: center;\"><strong>Resultado do eixo Literatura<\/strong><\/p>\n<ul>\n<li aria-level=\"1\"><b><i>Poesia<\/i><\/b><\/li>\n<\/ul>\n<p><span style=\"font-weight: 400;\">Quando eu morrer [Antonio Rocha Vital]<\/span><\/p>\n<p><span style=\"font-weight: 400;\">Desafiando as muralhas do Outono [Francisco Riberio de Lima]<\/span><\/p>\n<p><span style=\"font-weight: 400;\">SEM TI.TULO [Geraldo Trombin]<\/span><\/p>\n<p><span style=\"font-weight: 400;\">A cor do som [Junia Cicivizzo Ferreira]<\/span><\/p>\n<p><span style=\"font-weight: 400;\">WABISHI [Marcos Antonio Campos]<\/span><\/p>\n<p><span style=\"font-weight: 400;\">Inventei 2; Transforma\u00e7\u00e3o [S\u00f4nia Aparecida de Souza Martinez]<\/span><\/p>\n<p>&nbsp;<\/p>\n<ul>\n<li aria-level=\"1\"><b><i>Conto<\/i><\/b><\/li>\n<\/ul>\n<p><span style=\"font-weight: 400;\">Doce senhora [Deolinda Cavalcante Saraiva]<\/span><\/p>\n<p><span style=\"font-weight: 400;\">O sonho e a dial\u00e9tica [Jos\u00e9 Eug\u00eanio Borges De Almeida]<\/span><\/p>\n<p><span style=\"font-weight: 400;\">Bela Em\u00edlia [L\u00edgia Diniz Donega]<\/span><\/p>\n<p><span style=\"font-weight: 400;\">A PRIMEIRA INICIA\u00c7\u00c3O [Michelangelo Durazzo]<\/span><\/p>\n<p>&nbsp;<\/p>\n<ul>\n<li aria-level=\"1\"><b><i>Cr\u00f4nica<\/i><\/b><\/li>\n<\/ul>\n<p><span style=\"font-weight: 400;\">A menina e os feij\u00f5es [Adelia Pereira Vieira de Melo]<\/span><\/p>\n<p><span style=\"font-weight: 400;\">Tempo, certo [Ricardo Lahud]<\/span><\/p>\n<p><span style=\"font-weight: 400;\">O nascimento e um pouco mais [Silvia Edelweiss Crusco]<\/span><\/p>\n<p><span style=\"font-weight: 400;\">Flores\u2026 ah, flores\u2026 [Ta\u00eds Assun\u00e7\u00e3o Curi Pereira]<\/span><\/p>\n<p>&nbsp;<\/p>\n<ul>\n<li aria-level=\"1\"><b><i>Ensaio Filos\u00f3fico<\/i><\/b><\/li>\n<\/ul>\n<p><span style=\"font-weight: 400;\">\u201cO ESTRANGEIRO\u201d DE ALBERT CAMUS; \u201cENSAIO SOBRE A CEGUEIRA\u201d DE JOS\u00c9 SARAMAGO; \u201cFAHRENHEIT\u201d DE RAY BRADBURY [Alaide Evangelista Da Silva]<\/span><\/p>\n<p>&nbsp;<\/p>\n<p style=\"text-align: center;\"><strong>Resultado do eixo Artes Visuais\u00a0<\/strong><\/p>\n<ul>\n<li aria-level=\"1\"><b><i>Arte T\u00eaxtil<\/i><\/b><\/li>\n<\/ul>\n<p><span style=\"font-weight: 400;\">SEM T\u00cdTULO 1 [Vitoria Kachar]<\/span><\/p>\n<p><span style=\"font-weight: 400;\">SEM T\u00cdTULO 2 [Vitoria Kachar]<\/span><\/p>\n<p>&nbsp;<\/p>\n<ul>\n<li aria-level=\"1\"><b><i>Desenho<\/i><\/b><\/li>\n<\/ul>\n<p><span style=\"font-weight: 400;\">P\u00d4R DO SOL &#8211; VISTO DA PEDRA GRANDE [Rubens Augustus da Costa e Castro]<\/span><\/p>\n<p>RIO BONITO &#8211; JANEIRO <span style=\"font-weight: 400;\">[Rubens Augustus da Costa e Castro]<\/span><\/p>\n<p>ESCADA 1 [Silvia Scalzo Cardoso]\n<p>CRIA\u00c7\u00d5ES HUMANAS NA LINHA DO TEMPO [<span style=\"font-weight: 400;\">S\u00f4nia Aparecida de Souza Martinez]<\/span><\/p>\n<p>PAISAGEM URBANA [<span style=\"font-weight: 400;\">Virginia Santos Lisboa]<\/span><\/p>\n<p>&nbsp;<\/p>\n<ul>\n<li aria-level=\"1\"><b><i>Escultura<\/i><\/b><\/li>\n<\/ul>\n<p><span style=\"font-weight: 400;\">SIL\u00caNCIO [Anita Szochor Colli]<\/span><\/p>\n<p>ENTRETETEMPOS (2023) <span style=\"font-weight: 400;\">[Anita Szochor Colli]<\/span><\/p>\n<p><span style=\"font-weight: 400;\">SAKETINI (2023) [Anita Szochor Colli]<\/span><\/p>\n<p>O VIRTUAL [Antonio Barbosa Pacheco Junior]\n<p>CONEX\u00c3O [<span style=\"font-weight: 400;\">Eudoxie Papadimitriou Cordova Santos]<\/span><\/p>\n<p>MAR DE UBATUBA [<span style=\"font-weight: 400;\">Cris Prado]<\/span><\/p>\n<p>&nbsp;<\/p>\n<ul>\n<li aria-level=\"1\"><b><i>Fotografia<\/i><\/b><\/li>\n<\/ul>\n<p><span style=\"font-weight: 400;\">ENQUADRAMENTO [Clelgen Luiz Bonetti]<\/span><\/p>\n<p>SEM T\u00cdTULO 1 [<span style=\"font-weight: 400;\">Elisd\u00edney S\u00e9fora Tucci da Frota]<\/span><\/p>\n<p>SEM T\u00cdTULO 2 [<span style=\"font-weight: 400;\">Elisd\u00edney S\u00e9fora Tucci da Frota]<\/span><\/p>\n<p>SEM T\u00cdTULO [<span style=\"font-weight: 400;\">Ester\u00a0 Luque Carreiro<\/span><span style=\"font-weight: 400;\">]<\/span><\/p>\n<p>SEM T\u00cdTULO 1 [Felipe Teixeira Reis<span style=\"font-weight: 400;\">]<\/span><\/p>\n<p>SEM T\u00cdTULO 2 [Felipe Teixeira Reis<span style=\"font-weight: 400;\">]<\/span><\/p>\n<p>SEM T\u00cdTULO [<span style=\"font-weight: 400;\">Jos\u00e9 Alberto Lakatos<\/span><span style=\"font-weight: 400;\">]<\/span><\/p>\n<p>CORPO PROIBIDO [<span style=\"font-weight: 400;\">Maria de Lourdes Colombo]<\/span><\/p>\n<p>PARIS I [<span style=\"font-weight: 400;\">Marta Tamiko Takahashi Matushita]<\/span><\/p>\n<p>PARIS II [<span style=\"font-weight: 400;\">Marta Tamiko Takahashi Matushita]<\/span><\/p>\n<p>PESCADOR ILHA [<span style=\"font-weight: 400;\">Reginaldo Luiz Nunes Ronconi]<\/span><\/p>\n<p>UNI\u00c3O [<span style=\"font-weight: 400;\">Reginaldo Luiz Nunes Ronconi]<\/span><\/p>\n<p>SEM T\u00cdTULO [<span style=\"font-weight: 400;\">Soraya Charanek Ushiama]<\/span><\/p>\n<p>PERSEVERAN\u00c7A [<span style=\"font-weight: 400;\">Walter Jos\u00e9 Cintra Jr]<\/span><\/p>\n<p>SOLID\u00c3O [<span style=\"font-weight: 400;\">Walter Jos\u00e9 Cintra Jr]<\/span><\/p>\n<p>&nbsp;<\/p>\n<ul>\n<li aria-level=\"1\"><b><i>Gravura<\/i><\/b><\/li>\n<\/ul>\n<p><span style=\"font-weight: 400;\">UBATUBA [Cris Prado]<\/span><\/p>\n<p>CRIA\u00c7\u00d5ES HUMANAS NA LINHA DO TEMPO [<span style=\"font-weight: 400;\">S\u00f4nia Aparecida de Souza Martinez]<\/span><\/p>\n<p>ATRAVESSAMENTOS [<span style=\"font-weight: 400;\">Vitoria Kachar]<\/span><\/p>\n<p>MEMORIAL E47 [<span style=\"font-weight: 400;\">Waldo Bravo]<\/span><\/p>\n<p>MEMORIAL E57 [<span style=\"font-weight: 400;\">Waldo Bravo]<\/span><\/p>\n<p>MEMORIAL E71 [<span style=\"font-weight: 400;\">Waldo Bravo]<\/span><\/p>\n<p>&nbsp;<\/p>\n<ul>\n<li aria-level=\"1\"><b><i>Pintura<\/i><\/b><\/li>\n<\/ul>\n<p><span style=\"font-weight: 400;\">BEATRICE [Carlos de Santana Mota]<\/span><\/p>\n<p>PSIQU\u00ca <span style=\"font-weight: 400;\">[Carlos de Santana Mota]<\/span><\/p>\n<p>SIMULACRO <span style=\"font-weight: 400;\">[Carlos de Santana Mota]<\/span><\/p>\n<p>SEM T\u00cdTULO [<span style=\"font-weight: 400;\">Francisco Antonio Ferreira Filho]<\/span><\/p>\n<p>GRUA, A BAILARINA [<span style=\"font-weight: 400;\">Gerson Esteves Guedes]<\/span><\/p>\n<p>SUPERF\u00cdCIE XI [<span style=\"font-weight: 400;\">Jos\u00e9 Arthur Fajardo]<\/span><\/p>\n<p>EMBALA [<span style=\"font-weight: 400;\">Jos\u00e9 Arthur Fajardo]<\/span><\/p>\n<p>PALHA [<span style=\"font-weight: 400;\">Jos\u00e9 Arthur Fajardo]<\/span><\/p>\n<p>DESEJO DO DOURADO COM O AZUL ULTRAMAR [Lenora Lerrer Rosenfield]\n<p>RELA\u00c7\u00d5ES DO QUADRO COM O C\u00cdRCULO [Lenora Lerrer Rosenfield]\n<p>A MELHOR FATIA [Lenora Lerrer Rosenfield]\n<p>IND\u00cdGENAS DA LUA [Rimaro]\n<p>A ORIGEM DA LUA [Rimaro]\n<p>BETA 1 [<span style=\"font-weight: 400;\">Roberto Emilio Nejme]<\/span><\/p>\n<p>BETA 2 [<span style=\"font-weight: 400;\">Roberto Emilio Nejme]<\/span><\/p>\n<p>LEMBRAN\u00c7AS DA MINHA AV\u00d3 [Silvia Regina Salvador Abramant Souza]\n<p>JANELA [<span style=\"font-weight: 400;\">Silvia Scalzo Cardoso]<\/span><\/p>\n<p>SEM T\u00cdTULO 1 [<span style=\"font-weight: 400;\">Vicencia de Almeida Gonsales]<\/span><\/p>\n<p>SEM T\u00cdTULO 2 [<span style=\"font-weight: 400;\">Vicencia de Almeida Gonsales]<\/span><\/p>\n<p>SEM T\u00cdTULO 3 [<span style=\"font-weight: 400;\">Vicencia de Almeida Gonsales]<\/span><\/p>\n<p>PAISAGEM FLUIDA [Virginia Santos Lisboa]","protected":false},"excerpt":{"rendered":"<p>&nbsp; ATEN\u00c7\u00c3O: Devido ao grande n\u00famero de obras inscritas e selecionadas, haver\u00e1 uma mudan\u00e7a do espa\u00e7o expositivo e, com isso, uma mudan\u00e7a da data da exposi\u00e7\u00e3o. Assim, todas as obras selecionadas pelo j\u00fari conseguir\u00e3o ser devidamente expostas. A abertura da exposi\u00e7\u00e3o ser\u00e1 dia 06 de novembro de 2024 &nbsp; Resultado do eixo Literatura Poesia Quando [&hellip;]<\/p>\n","protected":false},"author":73,"featured_media":0,"parent":0,"menu_order":0,"comment_status":"closed","ping_status":"closed","template":"","meta":{"footnotes":""},"class_list":["post-31429","page","type-page","status-publish","hentry"],"_links":{"self":[{"href":"https:\/\/prceu.usp.br\/usp60\/wp-json\/wp\/v2\/pages\/31429","targetHints":{"allow":["GET"]}}],"collection":[{"href":"https:\/\/prceu.usp.br\/usp60\/wp-json\/wp\/v2\/pages"}],"about":[{"href":"https:\/\/prceu.usp.br\/usp60\/wp-json\/wp\/v2\/types\/page"}],"author":[{"embeddable":true,"href":"https:\/\/prceu.usp.br\/usp60\/wp-json\/wp\/v2\/users\/73"}],"replies":[{"embeddable":true,"href":"https:\/\/prceu.usp.br\/usp60\/wp-json\/wp\/v2\/comments?post=31429"}],"version-history":[{"count":1,"href":"https:\/\/prceu.usp.br\/usp60\/wp-json\/wp\/v2\/pages\/31429\/revisions"}],"predecessor-version":[{"id":35222,"href":"https:\/\/prceu.usp.br\/usp60\/wp-json\/wp\/v2\/pages\/31429\/revisions\/35222"}],"wp:attachment":[{"href":"https:\/\/prceu.usp.br\/usp60\/wp-json\/wp\/v2\/media?parent=31429"}],"curies":[{"name":"wp","href":"https:\/\/api.w.org\/{rel}","templated":true}]}}