{"id":754,"date":"2013-10-21T14:33:05","date_gmt":"2013-10-21T16:33:05","guid":{"rendered":"https:\/\/prceu.usp.br\/usp60\/?page_id=754"},"modified":"2026-02-25T11:57:00","modified_gmt":"2026-02-25T14:57:00","slug":"duvidas-fale-conosco","status":"publish","type":"page","link":"https:\/\/prceu.usp.br\/usp60\/duvidas-fale-conosco\/","title":{"rendered":"D\u00favidas? Fale Conosco"},"content":{"rendered":"<div class=\"card-usp60-container\" style=\"display: flex; justify-content: center; padding: 20px; background-color: transparent;\">\n<div style=\"font-family: 'Segoe UI', system-ui, -apple-system, sans-serif; width: 100%; max-width: 450px; background: #ffffff; border-radius: 24px; box-shadow: 0 12px 40px rgba(0,0,0,0.12); text-align: center; box-sizing: border-box; border: 1px solid #f0f0f0; overflow: hidden;\">\n<div style=\"background: #003d7a; padding: 12px; color: #ffffff; font-size: 13px; font-weight: bold; letter-spacing: 1px;\">PROGRAMA USP 60+<\/div>\n<div style=\"padding: 35px 25px;\">\n<h2 style=\"color: #1a1a1a; font-size: 24px; margin: 0 0 10px 0; font-weight: 800; border: none; line-height: 1.2;\">Inscri\u00e7\u00f5es 2026<\/h2>\n<p style=\"color: #4b5563; font-size: 16px; line-height: 1.5; margin-bottom: 25px;\">As atividades oferecidas para o <strong>1\u00ba Semestre<\/strong> j\u00e1 est\u00e3o dispon\u00edveis para consulta.<\/p>\n<p><a style=\"display: block; background: #28a745; color: #ffffff; text-decoration: none; padding: 18px 20px; border-radius: 12px; font-weight: bold; font-size: 16px; box-shadow: 0 6px 15px rgba(40, 167, 69, 0.3); transition: all 0.3s ease;\" href=\"https:\/\/prceu.usp.br\/usp60\/atividades-1sem-2026\/\"><br \/>\nVER ATIVIDADES E INSCRI\u00c7\u00d5ES<br \/>\n<\/a><\/p>\n<div style=\"margin: 30px 0 20px 0; border-top: 1px dashed #e5e7eb;\"><\/div>\n<p style=\"color: #6b7280; font-size: 14px; margin-bottom: 5px;\">Observa\u00e7\u00f5es: As inscri\u00e7\u00f5es s\u00e3o realizadas exclusivamente por este site. Caso tenha dificuldades nos escreva:<\/p>\n<p><a style=\"color: #003d7a; text-decoration: none; font-size: 17px; font-weight: bold; display: inline-block;\" href=\"mailto:usp60@usp.br\"><br \/>\n\u2709 usp60@usp.br<\/a><\/p>\n<\/div>\n<\/div>\n<\/div>\n<p>Hor\u00e1rio de atendimento: segunda \u00e0 sexta-feira das 8h \u00e0s 12h e 14h \u00e0s 17h.<\/p>\n<p>&nbsp;<\/p>\n<p>,<\/p>\n<style>\n    \/* Ajustes de comportamento e mobile *\/<br \/>    .card-usp60-container p { margin-top: 0 !important; }<br \/>    .card-usp60-container a:hover {<br \/>        filter: brightness(1.1);<br \/>        transform: translateY(-2px);<br \/>    }<br \/>    @media (max-width: 480px) {<br \/>        .card-usp60-container { padding: 10px; }<br \/>        .card-usp60-container div { border-radius: 16px; }<br \/>    }<br \/><\/style>","protected":false},"excerpt":{"rendered":"<p>PROGRAMA USP 60+ Inscri\u00e7\u00f5es 2026 As atividades oferecidas para o 1\u00ba Semestre j\u00e1 est\u00e3o dispon\u00edveis para consulta. VER ATIVIDADES E INSCRI\u00c7\u00d5ES Observa\u00e7\u00f5es: As inscri\u00e7\u00f5es s\u00e3o realizadas exclusivamente por este site. Caso tenha dificuldades nos escreva: \u2709 usp60@usp.br Hor\u00e1rio de atendimento: segunda \u00e0 sexta-feira das 8h \u00e0s 12h e 14h \u00e0s 17h. &nbsp; ,<\/p>\n","protected":false},"author":69,"featured_media":0,"parent":0,"menu_order":81,"comment_status":"closed","ping_status":"closed","template":"","meta":{"footnotes":""},"class_list":["post-754","page","type-page","status-publish","hentry"],"_links":{"self":[{"href":"https:\/\/prceu.usp.br\/usp60\/wp-json\/wp\/v2\/pages\/754","targetHints":{"allow":["GET"]}}],"collection":[{"href":"https:\/\/prceu.usp.br\/usp60\/wp-json\/wp\/v2\/pages"}],"about":[{"href":"https:\/\/prceu.usp.br\/usp60\/wp-json\/wp\/v2\/types\/page"}],"author":[{"embeddable":true,"href":"https:\/\/prceu.usp.br\/usp60\/wp-json\/wp\/v2\/users\/69"}],"replies":[{"embeddable":true,"href":"https:\/\/prceu.usp.br\/usp60\/wp-json\/wp\/v2\/comments?post=754"}],"version-history":[{"count":13,"href":"https:\/\/prceu.usp.br\/usp60\/wp-json\/wp\/v2\/pages\/754\/revisions"}],"predecessor-version":[{"id":35408,"href":"https:\/\/prceu.usp.br\/usp60\/wp-json\/wp\/v2\/pages\/754\/revisions\/35408"}],"wp:attachment":[{"href":"https:\/\/prceu.usp.br\/usp60\/wp-json\/wp\/v2\/media?parent=754"}],"curies":[{"name":"wp","href":"https:\/\/api.w.org\/{rel}","templated":true}]}}