{"id":965,"date":"2014-01-14T17:28:56","date_gmt":"2014-01-14T19:28:56","guid":{"rendered":"https:\/\/prceu.usp.br\/usp60\/?page_id=965"},"modified":"2026-02-03T10:49:33","modified_gmt":"2026-02-03T13:49:33","slug":"regulamento","status":"publish","type":"page","link":"https:\/\/prceu.usp.br\/usp60\/regulamento\/","title":{"rendered":"Regulamento"},"content":{"rendered":"<ul>\n<li>Idade m\u00ednima de <strong>60 (sessenta) anos<\/strong>, como estabelece a ONU e a UNESCO;<\/li>\n<li>Os alunos do programa Universidade Aberta \u00e0 Terceira Idade s\u00e3o vinculados a este programa, n\u00e3o recebendo n\u00fa\u00admero USP e tendo direito apenas a atestado de participa\u00ad\u00e7\u00e3o, emitido pela Pr\u00f3-Reitoria de Cultura e Extens\u00e3o Uni\u00adversit\u00e1ria, quando o docente assim o determinar e desde que o aluno cumpra as exig\u00eancias da disciplina. Caber\u00e1 \u00e0s secretarias solicitar o n\u00famero de atestados requeridos;<\/li>\n<li>Disciplinas espec\u00edficas requerem exame pr\u00e9vio de cur\u00adr\u00edculo ou entrevista com o docente respons\u00e1vel; para a maioria delas, por\u00e9m, nada \u00e9 exigido, desde que haja, pelo menos, por parte do candidato, condi\u00e7\u00f5es sufi\u00adcientes de aproveitamento;<\/li>\n<li>Cada unidade da USP \u00e9 soberana na gest\u00e3o do programa, administrando-o conforme suas necessidades internas.<\/li>\n<li>O per\u00edodo de inscri\u00e7\u00e3o para as disciplinas regulares do 2\u00ba semestre de 2017 ser\u00e1 de <strong>24 a 28 de julho de 2017<\/strong>.<\/li>\n<\/ul>\n","protected":false},"excerpt":{"rendered":"<p>Idade m\u00ednima de 60 (sessenta) anos, como estabelece a ONU e a UNESCO; Os alunos do programa Universidade Aberta \u00e0 Terceira Idade s\u00e3o vinculados a este programa, n\u00e3o recebendo n\u00fa\u00admero USP e tendo direito apenas a atestado de participa\u00ad\u00e7\u00e3o, emitido pela Pr\u00f3-Reitoria de Cultura e Extens\u00e3o Uni\u00adversit\u00e1ria, quando o docente assim o determinar e desde [&hellip;]<\/p>\n","protected":false},"author":69,"featured_media":0,"parent":0,"menu_order":80,"comment_status":"closed","ping_status":"closed","template":"","meta":{"footnotes":""},"class_list":["post-965","page","type-page","status-publish","hentry"],"_links":{"self":[{"href":"https:\/\/prceu.usp.br\/usp60\/wp-json\/wp\/v2\/pages\/965","targetHints":{"allow":["GET"]}}],"collection":[{"href":"https:\/\/prceu.usp.br\/usp60\/wp-json\/wp\/v2\/pages"}],"about":[{"href":"https:\/\/prceu.usp.br\/usp60\/wp-json\/wp\/v2\/types\/page"}],"author":[{"embeddable":true,"href":"https:\/\/prceu.usp.br\/usp60\/wp-json\/wp\/v2\/users\/69"}],"replies":[{"embeddable":true,"href":"https:\/\/prceu.usp.br\/usp60\/wp-json\/wp\/v2\/comments?post=965"}],"version-history":[{"count":1,"href":"https:\/\/prceu.usp.br\/usp60\/wp-json\/wp\/v2\/pages\/965\/revisions"}],"predecessor-version":[{"id":35294,"href":"https:\/\/prceu.usp.br\/usp60\/wp-json\/wp\/v2\/pages\/965\/revisions\/35294"}],"wp:attachment":[{"href":"https:\/\/prceu.usp.br\/usp60\/wp-json\/wp\/v2\/media?parent=965"}],"curies":[{"name":"wp","href":"https:\/\/api.w.org\/{rel}","templated":true}]}}